
Is 13 a factor of 4888?
True
Is 94 a factor of 65612?
True
Does 38 divide 1136?
False
Is 390 a multiple of 15?
True
Is 44 a factor of 4224?
True
Is 30444 a multiple of 5?
False
Does 39 divide 2496?
True
Is 3672 a multiple of 36?
True
Is 51 a factor of 993?
False
Does 239 divide 76529?
False
Does 14 divide 504?
True
Is 723 even?
False
Does 18 divide 10301?
False
Is 14418 a multiple of 81?
True
Is 33884 a multiple of 212?
False
Is 18225 a multiple of 82?
False
Does 21 divide 82656?
True
Is 17204 a multiple of 92?
True
Is 75 a factor of 6825?
True
Does 5 divide 125?
True
Is 852 even?
True
Is 2920 a multiple of 8?
True
Does 7 divide 356?
False
Is 816 a multiple of 24?
True
Is 415 a multiple of 34?
False
Is 41 a factor of 145?
False
Does 185 divide 1850?
True
Does 21 divide 1869?
True
Does 9 divide 810?
True
Is 80 a factor of 8801?
False
Is 3304 a multiple of 14?
True
Is 57881 a multiple of 13?
False
Is 15780 a multiple of 263?
True
Does 40 divide 1080?
True
Does 14 divide 266?
True
Is 75 a factor of 12351?
False
Is 3225 a multiple of 20?
False
Does 9 divide 13004?
False
Is 156 a multiple of 52?
True
Does 4 divide 2190?
False
Does 62 divide 18042?
True
Is 7080 a multiple of 40?
True
Is 3640 a multiple of 26?
True
Does 57 divide 6327?
True
Does 128 divide 1652?
False
Is 9 a factor of 14463?
True
Is 28 a factor of 6445?
False
Does 29 divide 1764?
False
Does 11 divide 51?
False
Does 2 divide 2504?
True
Is 1160 a multiple of 8?
True
Is 49 a factor of 882?
True
Does 150 divide 83100?
True
Is 6601 a multiple of 57?
False
Is 2915 a multiple of 34?
False
Does 4 divide 63?
False
Is 22 a factor of 286?
True
Is 2 a factor of 11319?
False
Does 4 divide 1236?
True
Does 36 divide 1191?
False
Is 735 a multiple of 15?
True
Does 33 divide 858?
True
Is 44330 a multiple of 11?
True
Is 73 a multiple of 14?
False
Is 5 a factor of 1355?
True
Does 15 divide 870?
True
Is 9581 a multiple of 143?
True
Is 19372 a multiple of 29?
True
Is 4 a factor of 96?
True
Is 89 a factor of 937?
False
Is 165 a multiple of 33?
True
Does 124 divide 957?
False
Is 1148 a multiple of 27?
False
Does 5 divide 410?
True
Is 8233 a multiple of 10?
False
Does 41 divide 4182?
True
Is 6 a factor of 36440?
False
Does 89 divide 4272?
True
Is 7 a factor of 777?
True
Is 59996 a multiple of 55?
False
Is 3 a factor of 4340?
False
Is 15 a factor of 33390?
True
Is 70661 a multiple of 150?
False
Is 5764 a multiple of 12?
False
Is 174 a factor of 24847?
False
Is 78 a multiple of 3?
True
Does 9 divide 81?
True
Does 34 divide 45900?
True
Is 40 a factor of 10605?
False
Is 6030 a multiple of 10?
True
Does 37 divide 259?
True
Does 24 divide 60744?
True
Does 9 divide 11259?
True
Is 368 a multiple of 23?
True
Is 14 a factor of 6183?
False
Is 9680 a multiple of 20?
True
Is 101 a factor of 1313?
True
Is 1751 a multiple of 7?
False
Is 12899 a multiple of 4?
False
Is 8475 a multiple of 75?
True
Does 14 divide 8008?
True
Does 7 divide 484?
False
Does 6 divide 165?
False
Is 3876 a multiple of 228?
True
Is 22185 a multiple of 145?
True
Is 12 a factor of 416?
False
Is 60 a factor of 300?
True
Does 24 divide 479?
False
Is 3364 a multiple of 29?
True
Is 5856 a multiple of 61?
True
Is 3 a factor of 1614?
True
Is 12 a factor of 828?
True
Is 6162 a multiple of 237?
True
Is 114 a multiple of 57?
True
Is 17 a factor of 510?
True
Is 37200 a multiple of 20?
True
Does 20 divide 3280?
True
Is 20 a factor of 1587?
False
Does 3 divide 285?
True
Does 47 divide 14308?
False
Is 132 a factor of 7128?
True
Is 12948 a multiple of 13?
True
Is 6 a factor of 11631?
False
Is 4742 a multiple of 33?
False
Does 11 divide 106?
False
Does 36 divide 3420?
True
Is 9 a factor of 108?
True
Is 17 a factor of 43?
False
Does 110 divide 9492?
False
Is 18 a factor of 3726?
True
Is 54 a factor of 37260?
True
Is 3392 a multiple of 64?
True
Does 16 divide 896?
True
Does 201 divide 17085?
True
Is 36791 a multiple of 14?
False
Is 10 a factor of 2260?
True
Does 66 divide 5478?
True
Does 102 divide 5814?
True
Does 56 divide 63504?
True
Does 19 divide 17056?
False
Does 3 divide 2787?
True
Does 82 divide 6622?
False
Is 11500 a multiple of 32?
False
Is 19 a factor of 2242?
True
Does 27 divide 162?
True
Is 15055 a multiple of 153?
False
Is 9810 a multiple of 15?
True
Is 54 a factor of 11448?
True
Is 4945 a multiple of 14?
False
Does 15 divide 1558?
False
Does 11 divide 87733?
False
Is 7 a factor of 2513?
True
Is 11232 a multiple of 117?
True
Is 1048 a multiple of 12?
False
Does 11 divide 10090?
False
Does 3 divide 3307?
False
Is 7 a factor of 308?
True
Is 131 a factor of 3930?
True
Is 13 a factor of 18590?
True
Is 11 a factor of 6429?
False
Is 17 a factor of 38063?
True
Is 129 a factor of 31605?
True
Does 19 divide 1520?
True
Is 98 a factor of 486?
False
Does 11 divide 1762?
False
Is 65 a factor of 2405?
True
Does 4 divide 1652?
True
Is 20 a factor of 12188?
False
Is 9483 a multiple of 7?
False
Is 7 a factor of 189?
True
Does 244 divide 69772?
False
Does 42 divide 1050?
True
Is 826 a multiple of 8?
False
Is 390 a multiple of 26?
True
Does 35 divide 13090?
True
Does 19 divide 4180?
True
Does 38 divide 300?
False
Is 27972 a multiple of 43?
False
Is 20 a factor of 674?
False
Does 399 divide 10068?
False
Is 3441 a multiple of 60?
False
Is 1855 a multiple of 10?
False
Does 88 divide 1056?
True
Does 5 divide 183?
False
Is 16110 a multiple of 48?
False
Is 17882 a multiple of 30?
False
Is 7728 a multiple of 14?
True
Is 830 a multiple of 10?
True
Does 38 divide 8588?
True
Does 36 divide 2531?
False
Is 1730 a multiple of 22?
False
Does 129 divide 27368?
False
Is 32 a factor of 43390?
False
Does 93 divide 84599?
False
Does 137 divide 7535?
True
Does 28 divide 2130?
False
Is 9 a factor of 97?
False
Is 49 a factor of 764?
False
Does 9 divide 532?
False
Is 3257 a multiple of 17?
False
Is 292 a multiple of 73?
True
Does 6 divide 86?
False
Does 5 divide 4070?
True
Is 789 a multiple of 2?
False
Is 471 a multiple of 5?
False
Is 18 a factor of 306?
True
Does 6 divide 126?
True
Is 44 a multiple of 11?
True
Is 680 a multiple of 10?
True
Does 3 divide 342?
True
Does 14 divide 29460?
False
Does 15 divide 137?
False
Is 4 a factor of 1279?
False
Is 222 a factor of 34547?
False
Is 16 a factor of 186?
False
Does 36 divide 6444?
True
Does 63 divide 2852?
False
Is 15 a factor of 91?
False
Is 3123 a multiple of 9?
True
Is 446 a multiple of 14?
False
Does 11 divide 473?
True
Is 64 a factor of 6187?
False
Is 4951 a multiple of 94?
False
Is 10 a factor of 19953?
False
Does 9 divide 358?
False
Does 13 divide 4719?
True
Does 21 divide 144963?
True
Is 57 a factor of 3968?
False
Does 10 divide 80?
True
Is 1841 a multiple of 19?
False
Is 30 a factor of 41861?
False
Does 58 divide 1248?
False
Is 16 a factor of 28288?
True
Is 17 a factor of 3417?
True
Is 4 a factor of 576?
True
Is 206 a factor of 54178?
True
Does 34 divide 118802?
False
Is 9 a factor of 702?
True
Is 2631 a multiple of 22?
False
Is 770 a multiple of 11?
True
Is 17 a factor of 18797?
False
Does 24 divide 1248?
True
Does 41 divide 2870?
True
Is 48 a factor of 15600?
True
Is 2046 a multiple of 22?
True
Does 46 divide 874?
True
Is 64 a factor of 896?
True
Does 62 divide 27185?
False
Is 660 a multiple of 44?
True
Does 143 divide 3861?
True
Is 18 a factor of 4928?
False
Does 88 divide 11352?
True
Is 20 a factor of 1340?
True
Is 38 a factor of 2508?
True
Does 3 divide 192?
True
Does 9 divide 3372?
False
Is 31970 a multiple of 115?
True
Is 183 a multiple of 17?
False
Does 74 divide 23014?
True
Is 4 a factor of 1957?
False
Is 13442 a multiple of 11?
True
Is 46257 a multiple of 47?
False
Does 18 divide 1602?
True
Does 46 divide 3772?
True
Is 6082 a multiple of 23?
False
Is 52 a factor of 1379?
False
Does 5 divide 304?
False
Is 24 a factor of 2640?
True
Does 17 divide 1327?
False
Is 13 a factor of 15080?
True
Does 10 divide 170?
True
Is 4680 a multiple of 18?
True
Does 31 divide 15531?
True
Is 32 a factor of 1824?
True
Is 216 a factor of 19008?
True
Is 1089 a multiple of 57?
False
Does 68 divide 952?
True
Does 27 divide 671?
False
Is 1809 a multiple of 35?
False
Does 56 divide 21869?
False
Does 11 divide 573?
False
Is 35712 a multiple of 2?
True
Is 5685 a multiple of 61?
False
Is 26201 a multiple of 17?
False
Does 13 divide 5017?
False
Is 112 a factor